rime factors of s.
2, 3, 743
Let k(g) = -8*g - 34. Let b be k(-5). Let j(v) = 2*v - 9. Let m be j(b). Suppose -4*c - m*y - 240 = -890, 3*c = -4*y + 484. List the prime factors of c.
2, 41
Suppose 0 = -y + 5*d + 5, 3*y - d = -2*y + 1. Let t = 1 - -3. Suppose -t*a = -2*p - 46, y = -4*p + 11 + 1. List the prime factors of a.
13
Let m = -17125 + 28735. List the prime factors of m.
2, 3, 5, 43
Let s(y) = -y**3 - 5*y + 3. Let c be s(0). Suppose -5*p = c*d - 917, -4*p + 731 = -d + 6*d. What are the prime factors of p?
2, 23
Suppose 2*a = -10*a + 168. Suppose -978 = a*w - 7152. What are the prime factors of w?
3, 7
Suppose -17*q - 526 = -57901. What are the prime factors of q?
3, 5
Suppose 4*a = -5*f + 309, -5*a - 10*f = -6*f - 384. What are the prime factors of a?
2, 19
Suppose 239*r - 4 = 238*r. Suppose -7*f + 4617 = -r*f + 5*b, 6145 = 4*f + 3*b. List the prime factors of f.
2, 13, 59
Let l be 162 + (4/((-10)/5) - 0). Let a = -98 + l. List the prime factors of a.
2, 31
Suppose 0 = -21*a - 3*a + 44316 + 45876. What are the prime factors of a?
2, 1879
Suppose 0 = 13*v + v - 28. Suppose -4*z = -v*g - 2614 - 118, 5*z = 4*g + 3409. What are the prime factors of z?
5, 137
Let u = -248 + 261. What are the prime factors of (-61 + 2)*(-91)/u?
7, 59
Let u = 3611 + 3050. List the prime factors of u.
6661
Suppose -63*m + 1687005 = 191665 + 21203. List the prime factors of m.
23399
Suppose -89*f + 466563 + 48747 = 0. What are the prime factors of f?
2, 3, 5, 193
Suppose -97*l = -46*l - 1283670. List the prime factors of l.
2, 3, 5, 839
Suppose -3*l + 4*r = -236 - 596, -4*l + 3*r = -1114. Let b = l - 166. What are the prime factors of b?
2, 3, 19
Suppose 2*l + 72 = 20*l. Suppose -4*j - 16 = 0, -4*q = l*j + j - 2864. List the prime factors of q.
7, 103
Let x(y) = 198*y**2 - 179*y - 61. List the prime factors of x(11).
2, 2741
Let p(l) be the first derivative of l**4/4 - 17*l**3/3 + 9*l**2/2 - 9*l + 16. Let w be p(17). Let i = 205 - w. List the prime factors of i.
61
Let j = -43 + 46. Let w = 30 - j. What are the prime factors of (-606)/(-4) + w/(-54)?
151
Let h(m) = 104*m**2 + 132*m + 1896. What are the prime factors of h(-13)?
2, 23, 193
Let x(p) = 138*p + 2817. What are the prime factors of x(-19)?
3, 5, 13
Let g(n) = 8*n + 25 - 2*n - 7*n. Let y be g(22). Suppose 0*x + 43 = x - c, y*x = -4*c + 164. What are the prime factors of x?
2, 3
Let v(u) = 91*u**2 - 8. Let x(l) = 92*l**2 - 6. Let n(k) = -2*v(k) + 3*x(k). What are the prime factors of n(1)?
2, 23
Let u be ((-21)/(-6))/(-7)*2 - -9. Suppose -3*q - u = -0*q + 5*p, 2*q + 4 = -3*p. Suppose q*m - 5*n + 0 = 6, 2*n = 4. List the prime factors of m.
2
Suppose -532*o + 443*o + 1584863 = -210979. List the prime factors of o.
2, 3, 19, 59
Let a = -7 - -16. Let r(t) be the third derivative of t**4/4 - 3*t**3 - 14*t**2. List the prime factors of r(a).
2, 3
Suppose -38*n + 2062 = -36*n. List the prime factors of n.
1031
Suppose -3*w + 8*w - 25 = 0. Suppose 26*z = -4*z + 120. Suppose z*c + 5*r = 364, -w*c = -3*c + 4*r - 176. List the prime factors of c.
2, 3
Suppose -125513 + 78722 = -8*a + 120209. List the prime factors of a.
5, 167
Let w = 18270 - 4646. List the prime factors of w.
2, 13, 131
Suppose -7227 = -13*x + 10*x. Suppose -5*t - 5*g = -2*g - x, -t + 2*g + 487 = 0. What are the prime factors of t?
3, 7, 23
Suppose 39*f - 56607 = 34*f + 28563. List the prime factors of f.
2, 3, 17, 167
What are the prime factors of (-17)/544*-12 - (-12781)/8?
2, 17, 47
What are the prime factors of 32/(2112/(-32241))*(-51 - -1)?
5, 977
What are the prime factors of 3403 - 15*(-26)/65?
7, 487
Let c(l) = -l**3 + 8*l**2 + l + 2. Let p be c(8). Suppose -1876 = -p*m + 3*m. What are the prime factors of m?
2, 67
Let q(k) = -34*k**3 + 3*k**2 + 26*k - 11. List the prime factors of q(-6).
5, 31, 47
Let x = -152 + 306. Suppose 0 = -0*w + w - 74. Suppose 4*u = w + x. What are the prime factors of u?
3, 19
Let i(j) = j**3 + 15*j**2 + 14. Suppose 0*u - 3*u - 5*p = -1, u - 5*p = -33. List the prime factors of i(u).
2, 3, 7, 11
Let n be (45 + 783)*23/3. Suppose 0 = -15*m + 8547 + n. List the prime factors of m.
3, 331
Suppose 47 = 3*x - 3*p - 127, 5*x - 270 = p. Let r = -49 + x. Suppose r*y - i - 808 = 0, -2*y = 3*y - 4*i - 1010. List the prime factors of y.
2, 101
Suppose -6*k + 5*k = 3*p - 5818, -4 = -4*p. List the prime factors of k.
5, 1163
List the prime factors of (-3 - 6)*(-48)/(-108) - -12353.
53, 233
Suppose d - 4*m - 25590 = 0, d - 25555 = -2*m - m. What are the prime factors of d?
2, 5, 2557
Let m be (((-81)/(-6))/9)/((-9)/(-96)). Suppose -m = -2*b - 4*g + 382, 0 = -2*b + 2*g + 410. List the prime factors of b.
7, 29
Suppose 634 - 3602 = 7*q. Let a = 736 + q. What are the prime factors of a?
2, 3, 13
Let t(s) = -s**3 + 8*s**2 - 4*s - 9. Let w be t(7). Suppose -4*b + 18924 = 4*p + p, 3*p = w. What are the prime factors of 4/14 + b/119?
2, 5
Suppose 3*n + 19 = 25. Let v(i) = -18*i + 117. Let y(j) = 9*j - 58. Let s(l) = n*v(l) + 5*y(l). List the prime factors of s(13).
61
Let i be -1515*(40/12)/(-5). Let z = i + 413. What are the prime factors of (-8)/56*2 - z/(-7)?
7, 29
Let q = 70 - 31. Let x = -39 + q. Suppose x = -13*f + 643 + 306. What are the prime factors of f?
73
Let v(t) = 513*t - 1656. What are the prime factors of v(39)?
3, 2039
Let w(s) = 109*s**2 + 28*s + 113. List the prime factors of w(-6).
53, 73
Let n(v) = v**3 + 6*v**2 + 5*v + 9. Let g be n(-5). Let o = g - 9. Suppose j + 3*z + z - 78 = o, 5*j = 4*z + 318. List the prime factors of j.
2, 3, 11
Let w be (0 + 4)*66/(-44) + -63. Let a(n) = -n**2 + 4*n + 12. Let m be a(10). Let c = m - w. List the prime factors of c.
3, 7
Let f(z) = -105*z - 17. Let y(s) = s - 1. Let l(g) = -f(g) - 2*y(g). What are the prime factors of l(4)?
431
Suppose -3*m = 2*z - 6*m - 47, 0 = -z + m + 21. Suppose z - 22 = -3*a. Suppose -306 = -3*f - 4*k, 0 = f - a*f + k + 102. List the prime factors of f.
2, 3, 17
Let k be (4 + 0)/(16/20) - 3. Suppose 2*m - k*j - 478 = 626, -12 = -3*j. Suppose -m - 24 = -5*t. List the prime factors of t.
2, 29
Let u(z) = 755*z**2 + 2*z + 8. List the prime factors of u(3).
11, 619
What are the prime factors of 24861/27 + 34/153?
3, 307
Let v(f) = -f**3 - 16*f**2 + 12. Let x be v(-16). Suppose 3*k - x = 7*k. What are the prime factors of (-1292)/(-8) + (27/6)/k?
2, 5
Let s(h) = 202*h - 9. Let f(a) = -a**2 + 21*a + 3. Let q be f(19). Let g = q + -40. What are the prime factors of s(g)?
193
Suppose 28 = w - 2*w. Let a = 34 + w. Suppose -2*v + 384 = a*v. List the prime factors of v.
2, 3
Let s = -14171 - -26144. List the prime factors of s.
3, 13, 307
Let f be 51/27 - (-4)/36. Suppose 0 = -f*w - 5*b + 344, -4*w - 5*b + 631 = -57. Suppose d - j - 103 = 0, 3*j = -2*d + w + 9. What are the prime factors of d?
2, 7
Let z = 13843 - 8350. What are the prime factors of z?
3, 1831
Let d(b) = -b**3 + 12*b**2 - 2*b - 9. Suppose 2*g - 7*g - 40 = -3*u, -46 = -5*u - 2*g. Let q be d(u). Suppose -364 = -5*v + q. List the prime factors of v.
107
Let p(c) = 28*c + 2. Suppose -4*t = -t - o + 20, 4*t + 3*o + 5 = 0. Let x be p(t). List the prime factors of (x/161)/(1/(-56)).
2, 3
Suppose -5*r + 41 = p + 10, 4*r + 2*p = 26. Suppose -r*u + 762 = -3*u. What are the prime factors of u?
2, 127
Let x be (-1 - 0)/(-2 - 62/(-32)). Suppose 2*t = 10*t + x. Let q(c) = -17*c**3 - 2*c**2 + c. What are the prime factors of q(t)?
2, 3, 7
Let o = 272 + -272. Suppose o = 2*m + 4*f - 332, -2*m + 4*f = -0*m - 348. List the prime factors of m.
2, 5, 17
Let p(v) = 25*v**2 + 1692*v + 88. What are the prime factors of p(-75)?
19, 727
Suppose c = 3*c - 6. Suppose -3*h - 168 = -4*v, -5*v + 5*h + 185 = -20. Suppose -60 - v = -c*f. What are the prime factors of f?
5, 7
Let q = 5298 + -2029. What are the prime factors of q?
7, 467
Suppose 305 = -38*p - 23*p. Let y(i) be the first derivative of i**4/4 + 8*i**3/3 + 5*i**2/2 - 11*i + 3. What are the prime factors of y(p)?
3, 13
List the prime factors of 10*10/8*33528/440*12.
2, 3, 5, 127
Let i(v) = -2*v**2 + 95*v + 5. Let r be i(32). Let g = -382 + r. List the prime factors of g.
3, 5, 41
Let j(c) = 43 + 15*c + 12*c + 11*c**2 + 25*c**2 - 21*c. What are the prime factors of j(-4)?
5, 7, 17
Let m be (3 + 1)/(-1) - (-58 + 50). Suppose -4*r + 1781 = -m*s - 483, -3*s = 4*r -